1
What is the remainder when 2531 is divided by 822?
65
What is the remainder when 10508 is divided by 2621?
24
Calculate the remainder when 4532 is divided by 4494.
38
What is the remainder when 1486114 is divided by 13036?
10
What is the remainder when 30851 is divided by 296?
67
Calculate the remainder when 723 is divided by 106.
87
Calculate the remainder when 1853 is divided by 169.
163
What is the remainder when 2037 is divided by 318?
129
Calculate the remainder when 17397 is divided by 12.
9
Calculate the remainder when 295209 is divided by 181.
179
Calculate the remainder when 152988 is divided by 204.
192
Calculate the remainder when 4009 is divided by 665.
19
Calculate the remainder when 1240 is divided by 250.
240
Calculate the remainder when 995 is divided by 470.
55
Calculate the remainder when 67486 is divided by 301.
62
What is the remainder when 399 is divided by 357?
42
Calculate the remainder when 42324 is divided by 498.
492
Calculate the remainder when 10321 is divided by 14.
3
What is the remainder when 33911 is divided by 1364?
1175
Calculate the remainder when 157268 is divided by 14.
6
Calculate the remainder when 1476937 is divided by 16.
9
What is the remainder when 3964 is divided by 79?
14
What is the remainder when 43616 is divided by 20?
16
Calculate the remainder when 13058 is divided by 8.
2
Calculate the remainder when 10502 is divided by 133.
128
Calculate the remainder when 17756 is divided by 369.
44
Calculate the remainder when 7495 is divided by 178.
19
Calculate the remainder when 20421 is divided by 2539.
109
What is the remainder when 18238 is divided by 2924?
694
Calculate the remainder when 6213 is divided by 365.
8
What is the remainder when 252738 is divided by 4212?
18
What is the remainder when 230597 is divided by 43?
31
What is the remainder when 78663 is divided by 8738?
21
Calculate the remainder when 182112 is divided by 27.
24
Calculate the remainder when 24182 is divided by 121.
103
What is the remainder when 3193 is divided by 736?
249
Calculate the remainder when 124220 is divided by 38.
36
What is the remainder when 8011 is divided by 3863?
285
Calculate the remainder when 750928 is divided by 49.
3
Calculate the remainder when 5868 is divided by 268.
240
What is the remainder when 2283 is divided by 34?
5
What is the remainder when 232993 is divided by 11?
2
Calculate the remainder when 13455 is divided by 66.
57
Calculate the remainder when 3954 is divided by 89.
38
What is the remainder when 1327 is divided by 1315?
12
Calculate the remainder when 411418 is divided by 114.
106
What is the remainder when 18389 is divided by 135?
29
Calculate the remainder when 1934854 is divided by 308.
306
Calculate the remainder when 101564 is divided by 22.
12
What is the remainder when 27902 is divided by 54?
38
Calculate the remainder when 205721 is divided by 198.
197
What is the remainder when 603852 is divided by 16?
12
Calculate the remainder when 514940 is divided by 178.
164
What is the remainder when 181524 is divided by 90?
84
Calculate the remainder when 24032 is divided by 452.
76
What is the remainder when 1105640 is divided by 173?
170
What is the remainder when 76563 is divided by 237?
12
Calculate the remainder when 352989 is divided by 10.
9
Calculate the remainder when 3130 is divided by 107.
27
What is the remainder when 1592 is divided by 770?
52
Calculate the remainder when 8250 is divided by 1361.
84
What is the remainder when 1251840 is divided by 87?
84
Calculate the remainder when 881633 is divided by 28.
25
Calculate the remainder when 17764 is divided by 163.
160
Calculate the remainder when 546 is divided by 88.
18
What is the remainder when 332299 is divided by 83072?
11
Calculate the remainder when 22633 is divided by 107.
56
Calculate the remainder when 16732 is divided by 35.
2
What is the remainder when 1063 is divided by 249?
67
Calculate the remainder when 14101 is divided by 32.
21
Calculate the remainder when 32704 is divided by 23.
21
What is the remainder when 1658567 is divided by 232?
231
What is the remainder when 2145358 is divided by 1363?
1359
What is the remainder when 14984 is divided by 118?
116
Calculate the remainder when 58374 is divided by 499.
490
Calculate the remainder when 6873 is divided by 489.
27
What is the remainder when 40310 is divided by 289?
139
What is the remainder when 21458 is divided by 50?
8
What is the remainder when 16871 is divided by 1367?
467
Calculate the remainder when 18496 is divided by 1680.
16
Calculate the remainder when 42597 is divided by 5315.
77
Calculate the remainder when 1315 is divided by 453.
409
Calculate the remainder when 23177 is divided by 1637.
259
What is the remainder when 177782 is divided by 5?
2
What is the remainder when 30919 is divided by 15408?
103
What is the remainder when 251722 is divided by 62928?
10
What is the remainder when 15589 is divided by 94?
79
Calculate the remainder when 979949 is divided by 343.
341
Calculate the remainder when 32828 is divided by 310.
278
What is the remainder when 1679 is divided by 216?
167
Calculate the remainder when 126878 is divided by 40.
38
Calculate the remainder when 3513 is divided by 1463.
587
Calculate the remainder when 1160 is divided by 420.
320
What is the remainder when 1505 is divided by 1399?
106
What is the remainder when 7801 is divided by 230?
211
Calculate the remainder when 14580 is divided by 4800.
180
Calculate the remainder when 4923 is divided by 1215.
63
Calculate the remainder when 78133 is divided by 39066.
1
Calculate the remainder when 12635 is divided by 407.
18
What is the remainder when 912156 is divided by 304049?
9
What is the remainder when 4930 is divided by 938?
240
Calculate the remainder when 129702 is divided by 66.
12
Calculate the remainder when 936992 is divided by 20822.
2
Calculate the remainder when 3505 is divided by 3295.
210
Calculate the remainder when 1532 is divided by 82.
56
Calculate the remainder when 155474 is divided by 373.
306
Calculate the remainder when 38083 is divided by 130.
123
What is the remainder when 70355 is divided by 35088?
179
What is the remainder when 16845 is divided by 65?
10
What is the remainder when 5009 is divided by 558?
545
Calculate the remainder when 3686 is divided by 489.
263
What is the remainder when 43260 is divided by 14357?
189
Calculate the remainder when 1156 is divided by 217.
71
What is the remainder when 10789 is divided by 300?
289
Calculate the remainder when 4223 is divided by 1283.
374
Calculate the remainder when 74143 is divided by 37049.
45
Calculate the remainder when 749 is divided by 92.
13
Calculate the remainder when 56869 is divided by 71.
69
What is the remainder when 1539202 is divided by 73?
70
Calculate the remainder when 960 is divided by 465.
30
Calculate the remainder when 31822 is divided by 1881.
1726
What is the remainder when 177599 is divided by 524?
487
Calculate the remainder when 1931 is divided by 196.
167
What is the remainder when 16127 is divided by 57?
53
Calculate the remainder when 77459 is divided by 13.
5
What is the remainder when 2375 is divided by 587?
27
What is the remainder when 945 is divided by 292?
69
Calculate the remainder when 2598 is divided by 628.
86
What is the remainder when 4685 is divided by 1149?
89
What is the remainder when 534 is divided by 11?
6
Calculate the remainder when 4787 is divided by 1584.
35
What is the remainder when 3189 is divided by 316?
29
What is the remainder when 699727 is divided by 76?
71
What is the remainder when 2224 is divided by 567?
523
Calculate the remainder when 4462 is divided by 93.
91
Calculate the remainder when 1308 is divided by 656.
652
Calculate the remainder when 153802 is divided by 41.
11
Calculate the remainder when 132004 is divided by 1007.
87
Calculate the remainder when 533 is divided by 523.
10
What is the remainder when 12336 is divided by 2460?
36
Calculate the remainder when 4333 is divided by 332.
17
What is the remainder when 158857 is divided by 130?
127
Calculate the remainder when 2529 is divided by 174.
93
What is the remainder when 1106 is divided by 968?
138
What is the remainder when 1266 is divided by 592?
82
Calculate the remainder whe